{"id":131,"date":"2019-06-10T15:17:15","date_gmt":"2019-06-10T13:17:15","guid":{"rendered":"http:\/\/localhost\/wypozyczalniazamkow\/?page_id=131"},"modified":"2021-09-08T13:55:45","modified_gmt":"2021-09-08T11:55:45","slug":"lo-dla-doroslych","status":"publish","type":"page","link":"https:\/\/ckziusroda.edu.pl\/index.php\/lo-dla-doroslych\/","title":{"rendered":"LO dla doros\u0142ych"},"content":{"rendered":"<table border=\"0\" width=\"600\" cellspacing=\"0\" cellpadding=\"0\" align=\"center\">\n<tbody>\n<tr>\n<td>\n<h2 class=\"n2\" align=\"center\">LICEUM OG\u00d3LNOKSZTA\u0141C\u0104CE DLA DOROS\u0141YCH<br \/>\nCentrum Kszta\u0142cenia Zawodowego i Ustawicznego w\u00a0\u015arodzie Wlkp.<\/h2>\n<p>&nbsp;<\/td>\n<\/tr>\n<\/tbody>\n<\/table>\n","protected":false},"excerpt":{"rendered":"<p>LICEUM OG\u00d3LNOKSZTA\u0141C\u0104CE DLA DOROS\u0141YCH Centrum Kszta\u0142cenia Zawodowego i Ustawicznego w\u00a0\u015arodzie Wlkp. &nbsp;<\/p>\n","protected":false},"author":1,"featured_media":0,"parent":0,"menu_order":0,"comment_status":"closed","ping_status":"closed","template":"","meta":{"footnotes":""},"class_list":["post-131","page","type-page","status-publish","hentry"],"_links":{"self":[{"href":"https:\/\/ckziusroda.edu.pl\/index.php\/wp-json\/wp\/v2\/pages\/131","targetHints":{"allow":["GET"]}}],"collection":[{"href":"https:\/\/ckziusroda.edu.pl\/index.php\/wp-json\/wp\/v2\/pages"}],"about":[{"href":"https:\/\/ckziusroda.edu.pl\/index.php\/wp-json\/wp\/v2\/types\/page"}],"author":[{"embeddable":true,"href":"https:\/\/ckziusroda.edu.pl\/index.php\/wp-json\/wp\/v2\/users\/1"}],"replies":[{"embeddable":true,"href":"https:\/\/ckziusroda.edu.pl\/index.php\/wp-json\/wp\/v2\/comments?post=131"}],"version-history":[{"count":11,"href":"https:\/\/ckziusroda.edu.pl\/index.php\/wp-json\/wp\/v2\/pages\/131\/revisions"}],"predecessor-version":[{"id":6007,"href":"https:\/\/ckziusroda.edu.pl\/index.php\/wp-json\/wp\/v2\/pages\/131\/revisions\/6007"}],"wp:attachment":[{"href":"https:\/\/ckziusroda.edu.pl\/index.php\/wp-json\/wp\/v2\/media?parent=131"}],"curies":[{"name":"wp","href":"https:\/\/api.w.org\/{rel}","templated":true}]}}