{"id":99,"date":"2019-06-10T14:40:22","date_gmt":"2019-06-10T12:40:22","guid":{"rendered":"http:\/\/localhost\/wypozyczalniazamkow\/?page_id=99"},"modified":"2019-06-27T23:37:26","modified_gmt":"2019-06-27T21:37:26","slug":"dokumenty-szkolne","status":"publish","type":"page","link":"https:\/\/ckziusroda.edu.pl\/index.php\/dzialalnosc\/dokumenty-szkolne\/","title":{"rendered":"Szkolna Akademia Filmowa"},"content":{"rendered":"<p>&nbsp;<\/p>\n<table border=\"0\" width=\"600\" cellspacing=\"0\" cellpadding=\"0\" align=\"center\">\n<tbody>\n<tr>\n<td>\n<h3 class=\"n1\">Kolejne spotkanie z filmem w ramach SAF-u<\/h3>\n<p>Uczniowie Hipolita kolejny raz udali si\u0119 do \u015bredzkiego kina \u201eBaszta\u201d w ramach Szkolnej Akademii Filmowej na film w re\u017cyserii W. Pasikowskiego \u201eKurier\u201d. Film opowiada o burzliwych i pe\u0142nych napi\u0119cia wydarzeniach z \u017cycia Jana Nowaka \u0096 Jeziora\u0144skiego z czas\u00f3w II wojny \u015bwiatowej, kiedy pe\u0142ni\u0142 funkcj\u0119 kuriera AK.<\/p>\n<p>Opiekunowie SAF zorganizowali dla m\u0142odzie\u017cy trzy seanse. Wszyscy byli pod ogromnym wra\u017ceniem przedstawionych wydarze\u0144 z czas\u00f3w II wojny \u015bwiatowej.<\/p>\n<p class=\"podpis\">\/J. Pohl, B. Kuropka\/<\/p>\n<div class=\"prawa\">\n<\/div>\n<\/td>\n<\/tr>\n<tr>\n<td>\n<h3 class=\"n1\">IX Dzie\u0144 Kina<\/h3>\n<h2>UWAGA UCZNIOWIE!!!!!!!<\/h2>\n<p><img decoding=\"async\" src=\"http:\/\/ckziusroda.edu.pl\/grafika18_19\/sdk.jpg\" alt=\"\" width=\"200\" border=\"0\" \/>Wielkimi krokami zbli\u017ca si\u0119\u00a0IX Dzie\u0144 Kinaw naszej szkole. W tym roku motywem przewodnim b\u0119dzie\u00a0Kuba\u00a0i wszystko, co zwi\u0105zane z\u00a0latynoskim ta\u0144cem, zabaw\u0105 i rytmem.<\/p>\n<p>Tradycj\u0105 w naszej szkole jest to, \u017ce Wasze pomys\u0142y nas zawsze zaskakuj\u0105 i pokazuj\u0105, jak wielki w Was drzemie potencja\u0142. Tym razem r\u00f3wnie\u017c liczymy na Wasze niesamowite pomys\u0142y w wystylizowaniu si\u0119 na posta\u0107, kt\u00f3ra skojarzy Wam si\u0119 z kuba\u0144skim rytmem i tym jak\u017ce egzotycznym miejscem.<\/p>\n<p>IX Dzie\u0144 Kina rozpoczynamy 12 kwietnia.Ju\u017c dzi\u015b pomy\u015blcie, jakim strojem nas zaskoczycie!!!!!!<\/p>\n<p>Zg\u0142oszenia jak zawsze u Pa\u0144: J. Pohl i B. Kuropki (do 9 kwietnia)<\/p>\n<p class=\"podpis\">\/J. Pohl\/<\/p>\n<div class=\"prawa\">\n<\/div>\n<\/td>\n<\/tr>\n<tr>\n<td>\n<h3 class=\"n1\">Powr\u00f3t Bena\u201d &#8211; 4 lutego 2019r.<\/h3>\n<p>4 lutego mieli\u015bmy okazj\u0119 obejrze\u0107 film \u201ePowr\u00f3t Bena\u201d w re\u017c. Petera Hedgesa.<br \/>\nG\u0142\u00f3wne role zagrali Julia Roberts jako matka m\u0142odego ch\u0142opaka, kt\u00f3ry zmaga si\u0119 z problemem narkotykowym oraz Lucas Hedges jako syn przyje\u017cd\u017caj\u0105cy do domu w trakcie \u201eodwyku\u201d.<br \/>\nFilm, po kt\u00f3rym nie pozostaje si\u0119 oboj\u0119tnym na problem narkomanii. Film, kt\u00f3ry pokazuje, czym jest zmagania si\u0119 z uzale\u017cnieniem nie tylko przez narkoman\u00f3w ale ich rodziny.<\/p>\n<p>\u201e Wzruszaj\u0105cy\u201d<\/p>\n<p>\u201eDobre, mocne kino\u201d<\/p>\n<p>\u201eMia\u0142em ciary\u201d<\/p>\n<p>\u201eTakie filmy warto ogl\u0105da\u0107\u201d<\/p>\n<p>\u201e ch\u0119tnie zobacz\u0119 film jeszcze raz\u201d<\/p>\n<p>\u201eMusz\u0119 przemy\u015ble\u0107 zako\u0144czenie filmu\u201d<\/p>\n<p>\u201e Julia Roberts niesamowita jako matka\u201d<\/p>\n<p>\u201e Przez ca\u0142y film zastanawia\u0142am si\u0119, czy Ben si\u0119 z\u0142amie?\u201d<\/p>\n<p>\u201eJestem w szoku\u201d<\/p>\n<p>\u201e Kino, kt\u00f3re wbija w fotel. Nie musi by\u0107 drastycznych scen, \u017ceby tak to prze\u017cy\u0107. Jestem w szoku. Polecam\u201d<\/p>\n<p>To wypowiedzi uczni\u00f3w po obejrzeniu dramatu \u201ePowr\u00f3t Bena\u201d<\/p>\n<p><b>GALERIA:<\/b><br \/>\n<a title=\"\" href=\"http:\/\/ckziusroda.edu.pl\/grafika18_19\/20190204_090144.jpg\" rel=\"lightbox[roadtrip]\"><img decoding=\"async\" src=\"http:\/\/ckziusroda.edu.pl\/grafika18_19\/20190204_090144m.jpg\" alt=\"\" border=\"0\" \/><\/a>\u00a0<a title=\"\" href=\"http:\/\/ckziusroda.edu.pl\/grafika18_19\/20190204_090150.jpg\" rel=\"lightbox[roadtrip]\"><img decoding=\"async\" src=\"http:\/\/ckziusroda.edu.pl\/grafika18_19\/20190204_090150m.jpg\" alt=\"\" border=\"0\" \/><\/a>\u00a0<a title=\"\" href=\"http:\/\/ckziusroda.edu.pl\/grafika18_19\/20190204_090155.jpg\" rel=\"lightbox[roadtrip]\"><img decoding=\"async\" src=\"http:\/\/ckziusroda.edu.pl\/grafika18_19\/20190204_090155m.jpg\" alt=\"\" border=\"0\" \/><\/a><\/p>\n<p class=\"podpis\">\/J. Pohl\/<\/p>\n<div class=\"prawa\">\n<\/div>\n<\/td>\n<\/tr>\n<tr>\n<td>\n<h3 class=\"n1\">Cztery seanse w ramach Szkolnej Akademii Filmowej<\/h3>\n<p>Prawie pi\u0119ciuset uczni\u00f3w naszej szko\u0142y obejrza\u0142o film \u201eDywizjon 303\u201d w re\u017cyserii Denisa Deli\u0107, kt\u00f3ry pokazuje prawdziw\u0105 histori\u0119 polskich lotnik\u00f3w. Film powsta\u0142 na podstawie ksi\u0105\u017cki Arkadego Fiedlera o tym samym tytule.<\/p>\n<p>Polacy o ponadprzeci\u0119tnych umiej\u0119tno\u015bciach lotniczych i niezwyk\u0142ym patriotyzmie stworzyli wspania\u0142\u0105 jednostk\u0119 w ramach Kr\u00f3lewskich Si\u0142 Powietrznych Wielkiej Brytanii o nazwie \u201eDywizjon 303\u201d. Wielu pokoleniom Polak\u00f3w pokazali, czym jest prawdziwe bohaterstwo.<\/p>\n<p>Udzia\u0142 m\u0142odzie\u017cy w seansie sta\u0142o si\u0119 wa\u017cnym elementem wychowania w duchu patriotyzmu w 100-tn\u0105 rocznic\u0119 odzyskania przez Polsk\u0119 Niepodleg\u0142o\u015bci.<\/p>\n<p><a title=\"Dywizjon 303\" href=\"http:\/\/ckziusroda.edu.pl\/grafika18_19\/dywizjon1.jpg\" rel=\"lightbox[roadtrip]\"><img decoding=\"async\" src=\"http:\/\/ckziusroda.edu.pl\/grafika18_19\/dywizjon1m.jpg\" alt=\"\" border=\"0\" \/><\/a><\/p>\n<p class=\"podpis\">\/J. Pohl, B. Kuropka\/<\/p>\n<\/td>\n<\/tr>\n<\/tbody>\n<\/table>\n","protected":false},"excerpt":{"rendered":"<p>&nbsp; Kolejne spotkanie z filmem w ramach SAF-u Uczniowie Hipolita kolejny raz udali si\u0119 do \u015bredzkiego kina \u201eBaszta\u201d w ramach &hellip; <\/p>\n","protected":false},"author":1,"featured_media":0,"parent":103,"menu_order":0,"comment_status":"closed","ping_status":"closed","template":"","meta":{"footnotes":""},"class_list":["post-99","page","type-page","status-publish","hentry"],"_links":{"self":[{"href":"https:\/\/ckziusroda.edu.pl\/index.php\/wp-json\/wp\/v2\/pages\/99","targetHints":{"allow":["GET"]}}],"collection":[{"href":"https:\/\/ckziusroda.edu.pl\/index.php\/wp-json\/wp\/v2\/pages"}],"about":[{"href":"https:\/\/ckziusroda.edu.pl\/index.php\/wp-json\/wp\/v2\/types\/page"}],"author":[{"embeddable":true,"href":"https:\/\/ckziusroda.edu.pl\/index.php\/wp-json\/wp\/v2\/users\/1"}],"replies":[{"embeddable":true,"href":"https:\/\/ckziusroda.edu.pl\/index.php\/wp-json\/wp\/v2\/comments?post=99"}],"version-history":[{"count":3,"href":"https:\/\/ckziusroda.edu.pl\/index.php\/wp-json\/wp\/v2\/pages\/99\/revisions"}],"predecessor-version":[{"id":1391,"href":"https:\/\/ckziusroda.edu.pl\/index.php\/wp-json\/wp\/v2\/pages\/99\/revisions\/1391"}],"up":[{"embeddable":true,"href":"https:\/\/ckziusroda.edu.pl\/index.php\/wp-json\/wp\/v2\/pages\/103"}],"wp:attachment":[{"href":"https:\/\/ckziusroda.edu.pl\/index.php\/wp-json\/wp\/v2\/media?parent=99"}],"curies":[{"name":"wp","href":"https:\/\/api.w.org\/{rel}","templated":true}]}}